 prime?
False
Is 23976773437 a prime number?
True
Is 934749239 a composite number?
False
Is 2725276393 composite?
True
Is 48165993131 a composite number?
False
Is 53520639803 a prime number?
True
Is 2503146601 a composite number?
False
Is 520082287 a composite number?
False
Is 1183731829 a composite number?
True
Is 3007792597 a composite number?
False
Is 7656748787 a prime number?
False
Is 3797240771 prime?
True
Is 9900873637 composite?
False
Is 7268113031 prime?
False
Is 3094442123 a prime number?
True
Is 237525677 a composite number?
False
Is 2173133891 a prime number?
True
Is 3276448013 composite?
True
Is 728675989 a composite number?
True
Is 21417472571 composite?
True
Is 2105342023 prime?
False
Is 500709871 prime?
True
Is 53991129917 a prime number?
False
Is 22418912767 composite?
False
Is 8951072017 composite?
False
Is 583321157 a prime number?
False
Is 7397080003 a composite number?
False
Is 879471179 prime?
True
Is 134996431 composite?
False
Is 10695473453 prime?
False
Is 3550040531 composite?
True
Is 2047725559 composite?
True
Is 178616153 composite?
False
Is 363693703 prime?
False
Is 357667439 prime?
False
Is 5569749697 composite?
True
Is 771690259 composite?
True
Is 662850103 prime?
False
Is 4160617619 a prime number?
False
Is 270238139 a prime number?
True
Is 5195349361 prime?
True
Is 778132741 a prime number?
True
Is 481823963 prime?
False
Is 10871368279 prime?
False
Is 3933026083 a composite number?
True
Is 2500366529 a prime number?
True
Is 129339187 composite?
True
Is 37904140147 a prime number?
True
Is 927920867 prime?
True
Is 30498332623 composite?
True
Is 2554558823 prime?
True
Is 6203696665 a composite number?
True
Is 1982202457 a composite number?
False
Is 54269659 a prime number?
True
Is 1785448453 prime?
False
Is 6344755789 composite?
True
Is 1492289819 prime?
False
Is 1615521881 prime?
False
Is 22173135739 prime?
False
Is 2853932063 composite?
True
Is 14150422751 composite?
False
Is 26078517691 a prime number?
True
Is 16580565829 prime?
True
Is 6556463579 a prime number?
False
Is 42680965309 prime?
True
Is 2585011879 a composite number?
True
Is 106182302 a prime number?
False
Is 5303003791 a prime number?
True
Is 3885164197 prime?
False
Is 13645518311 prime?
True
Is 293270867135 a composite number?
True
Is 12486828077 composite?
False
Is 622270127 composite?
True
Is 19584163811 prime?
False
Is 11766176347 prime?
True
Is 254322259 composite?
True
Is 1985183237 a prime number?
False
Is 8049829763 a prime number?
True
Is 406977527 a composite number?
True
Is 3796188549 a composite number?
True
Is 5928272401 composite?
False
Is 2297558357 a composite number?
False
Is 2789721397 a composite number?
True
Is 1145201727 a composite number?
True
Is 3547712939 prime?
True
Is 3958349141 a prime number?
False
Is 80819779109 a composite number?
True
Is 6792208081 composite?
False
Is 353396267 a prime number?
False
Is 1237621433 prime?
False
Is 62305393301 prime?
False
Is 3636789623 composite?
False
Is 35420052614 composite?
True
Is 48665102149 a prime number?
False
Is 657077951 a prime number?
False
Is 1404317377 a composite number?
True
Is 296706901 prime?
True
Is 1589982487 composite?
False
Is 1951268987 prime?
True
Is 112544219 composite?
True
Is 56929465721 a composite number?
False
Is 4628100407 a prime number?
False
Is 29097230879 composite?
True
Is 44020768567 a composite number?
True
Is 69072311831 a composite number?
True
Is 6316305461 a composite number?
False
Is 39035428637 a composite number?
True
Is 810089273 a prime number?
False
Is 24257399 prime?
True
Is 3967500071 composite?
True
Is 1537426669 a composite number?
True
Is 2853520793 composite?
False
Is 309028325689 composite?
False
Is 4599538759 a composite number?
False
Is 43703921 a prime number?
True
Is 3202540277 prime?
False
Is 2645902393 prime?
True
Is 196663483 prime?
True
Is 137147986 composite?
True
Is 28405295873 prime?
True
Is 303494153 a composite number?
True
Is 31402961893 composite?
True
Is 161311739 a prime number?
True
Is 1408439621 composite?
True
Is 445649507 a composite number?
True
Is 14201118233 a prime number?
True
Is 2257400473 a prime number?
True
Is 17206163761 a prime number?
False
Is 156327555803 prime?
True
Is 7883127419 a composite number?
True
Is 532638361 a composite number?
False
Is 498418967 a prime number?
True
Is 7517280487 composite?
True
Is 3468903497 a prime number?
False
Is 24962386439 a composite number?
True
Is 61684037 a prime number?
True
Is 14515847 a composite number?
False
Is 70067207959 prime?
False
Is 726068477 a prime number?
True
Is 42153203 composite?
True
Is 1081491407 a prime number?
True
Is 13307926367 prime?
True
Is 1198943047 composite?
True
Is 1451021323 a composite number?
True
Is 19319173 a prime number?
True
Is 333072589 prime?
False
Is 1934887505 a composite number?
True
Is 82092840073 prime?
True
Is 386142901 prime?
True
Is 23129077799 a composite number?
False
Is 347758127 composite?
False
Is 541441141 a composite number?
True
Is 14422897957 a prime number?
False
Is 189646537 prime?
True
Is 782217763 prime?
True
Is 3102219067 a prime number?
False
Is 8062277 prime?
True
Is 11407174897 a composite number?
False
Is 35911832413 composite?
False
Is 9846750841 a prime number?
True
Is 9324897977 a prime number?
True
Is 2056844617 prime?
False
Is 22191121 a prime number?
False
Is 376149437 prime?
False
Is 1694401001 composite?
False
Is 9314251517 composite?
False
Is 2417026519 a composite number?
False
Is 1004044537 a prime number?
True
Is 2689270229 composite?
False
Is 56754440389 prime?
True
Is 23778127319 composite?
False
Is 318455927 a composite number?
True
Is 1120852471 a prime number?
True
Is 279288983 prime?
True
Is 25507530974 prime?
False
Is 1511989879 a prime number?
True
Is 86661613261 composite?
False
Is 5273999623 prime?
True
Is 44119562447 composite?
False
Is 1618930793 a prime number?
True
Is 5726819701 composite?
True
Is 14490392723 prime?
True
Is 124929008761 prime?
True
Is 42191273 composite?
False
Is 58970087461 a prime number?
True
Is 1650791251 a composite number?
True
Is 2373832739 a prime number?
False
Is 3419641 composite?
True
Is 983775827 composite?
True
Is 239178607 prime?
True
Is 14980901501 composite?
False
Is 69004102151 prime?
True
Is 7174832407 a composite number?
False
Is 4822681939 prime?
False
Is 1153234001 a prime number?
False
Is 2191104623 composite?
False
Is 4005473231 prime?
True
Is 193332245683 composite?
False
Is 988811597 composite?
True
Is 101502503 a composite number?
True
Is 51177281551 composite?
True
Is 996242633 a prime number?
True
Is 9862876789 a prime number?
True
Is 143315399 a prime number?
False
Is 327975969889 composite?
False
Is 4747159229 prime?
True
Is 691411421 a prime number?
False
Is 3757159927 a prime number?
False
Is 5989278923 composite?
True
Is 847710037 a prime number?
False
Is 35176711753 composite?
False
Is 4352592337 composite?
False
Is 1439572157 composite?
True
Is 3416745863 a prime number?
True
Is 5579230213 a composite number?
True
Is 78942157279 composite?
True
Is 221088903187 a prime number?
True
Is 639517091 composite?
False
Is 36575636021 composite?
True
Is 527288483 a prime number?
True
Is 536057183 a prime number?
True
Is 5420290063 a composite number?
True
Is 28019676353 a prime number?
True
Is 93253410403 composite?
False
Is 28995709091 composite?
True
Is 3122744783 composite?
False
Is 781245667 composite?
True
Is 1103524622 composite?
True
Is 2591395523 a composite number?
True
Is 937850293 composite?
False
Is 533819773 a prime number?
True
Is 4305654289 prime?
False
Is 1791471437 a prime number?
False
Is 432562961 a prime number?
False
Is 51653248313 prime?
False
Is 889248709 a composite number?
False
Is 86473665881 a prime number?
True
Is 18916411561 a composite number?
False
Is 35074848097 a prime number?
False
Is 2649558941 prime?
True
Is 134833404697 a prime number?
False
Is 908635051 composite?
True
Is 571083919 a prime number?
False
Is 408738761 a composite number?
True
Is 215556389 a prime number?
False
Is 22403044103 a composite number?
True
Is 22133141 a composite number?
True
Is 24770666549 a prime number?
True
Is 14852771 a prime number?
True
Is 682167137 a prime number?
True
Is 1167295081 prime?
False
Is 981099